{"id":519,"date":"2022-08-02T10:30:02","date_gmt":"2022-08-02T10:30:02","guid":{"rendered":"https:\/\/digitedeu.com\/?page_id=519"},"modified":"2025-05-14T06:22:24","modified_gmt":"2025-05-14T06:22:24","slug":"impressum","status":"publish","type":"page","link":"https:\/\/digitedeu.com\/index.php\/impressum\/","title":{"rendered":"Impressum"},"content":{"rendered":"<p>[et_pb_section fb_built=&#8221;1&#8243; admin_label=&#8221;Header&#8221; _builder_version=&#8221;4.17.3&#8243; _module_preset=&#8221;default&#8221; use_background_color_gradient=&#8221;on&#8221; background_color_gradient_stops=&#8221;rgba(0,19,46,0.6) 0%|rgba(0,19,46,0.6) 100%&#8221; background_color_gradient_overlays_image=&#8221;on&#8221; background_color_gradient_start=&#8221;rgba(0,19,46,0.6)&#8221; background_color_gradient_end=&#8221;rgba(0,19,46,0.6)&#8221; background_image=&#8221;https:\/\/digitedeu.com\/wp-content\/uploads\/2022\/08\/pexels-lex-photography-1109543-scaled.jpg&#8221; custom_padding=&#8221;||||false|false&#8221; locked=&#8221;off&#8221; global_colors_info=&#8221;{}&#8221;][et_pb_row _builder_version=&#8221;4.16&#8243; _module_preset=&#8221;default&#8221; global_colors_info=&#8221;{}&#8221;][et_pb_column type=&#8221;4_4&#8243; _builder_version=&#8221;4.16&#8243; _module_preset=&#8221;default&#8221; global_colors_info=&#8221;{}&#8221;][et_pb_text _builder_version=&#8221;4.17.3&#8243; _module_preset=&#8221;default&#8221; header_font=&#8221;Oswald|300|||||||&#8221; header_font_size=&#8221;100px&#8221; background_layout=&#8221;dark&#8221; max_width=&#8221;760px&#8221; custom_margin=&#8221;||||false|false&#8221; header_font_size_tablet=&#8221;70px&#8221; header_font_size_phone=&#8221;60px&#8221; header_font_size_last_edited=&#8221;on|phone&#8221; global_colors_info=&#8221;{}&#8221;]<\/p>\n<h1>Impressum<\/h1>\n<p>[\/et_pb_text][\/et_pb_column][\/et_pb_row][\/et_pb_section][et_pb_section fb_built=&#8221;1&#8243; admin_label=&#8221;Contact Info&#8221; _builder_version=&#8221;4.16&#8243; _module_preset=&#8221;default&#8221; global_colors_info=&#8221;{}&#8221;][et_pb_row _builder_version=&#8221;4.17.3&#8243; _module_preset=&#8221;default&#8221; global_colors_info=&#8221;{}&#8221;][et_pb_column type=&#8221;4_4&#8243; _builder_version=&#8221;4.17.3&#8243; _module_preset=&#8221;default&#8221; global_colors_info=&#8221;{}&#8221;][et_pb_text _builder_version=&#8221;4.27.4&#8243; _module_preset=&#8221;default&#8221; text_font=&#8221;Roboto Condensed||||||||&#8221; text_text_color=&#8221;#000000&#8243; text_font_size=&#8221;16px&#8221; text_line_height=&#8221;1.6em&#8221; hover_enabled=&#8221;0&#8243; global_colors_info=&#8221;{}&#8221; sticky_enabled=&#8221;0&#8243;]<\/p>\n<div class=\"wsite-section-wrap\">\n<div class=\"wsite-section wsite-body-section wsite-background-32 wsite-custom-background\">\n<div class=\"wsite-section-content\">\n<div class=\"container\">\n<div class=\"wsite-section-elements\">\n<div class=\"paragraph\">\n<p><strong>digiTED@EU &#8211; <\/strong><strong>\u201ePromoti<\/strong><strong>ng Digitalisation Among Teacher Educators in Europe&#8221;<\/strong><strong> <\/strong><\/p>\n<p><strong>(Erasmus+ Project, partially funded by the European Union with <span>\u20ac 391.216,00.<\/span>)<\/strong><\/p>\n<p><span style=\"color: #2a2a2a;\">Project coordinator:<br \/>G\u00f6tz Schwab<br \/>P\u00e4dagogische Hochschule Ludwigsburg<br \/>Reuteallee 46<br \/>71634 Ludwigsburg<\/span><\/p>\n<p>Tel.:<span>+49 7141 140-1390<\/span><\/p>\n<p>Email: goetz.schwab@ph-ludwigsburg.de<br \/>Internet: www.digitedeu.com<\/p>\n<p>Inhaltlich Verantwortlicher gem\u00e4\u00df \u00a7 10 Absatz 3 MDStV:<br \/>G\u00f6tz Schwab<br \/>Anschrift wie oben<\/p>\n<p><strong>Haftungshinweis: <\/strong>Gef\u00f6rdert durch die Europ\u00e4ische Union. Die ge\u00e4u\u00dferten Ansichten und Meinungen stammen jedoch ausschlie\u00dflich von den Autor(en) und spiegeln nicht notwendigerweise die der Europ\u00e4ischen Union oder der Exekutivagentur Bildung und Kultur (EACEA) wider. Weder die Europ\u00e4ische Union noch die EACEA k\u00f6nnen f\u00fcr diese verantwortlich gemacht werden.<\/p>\n<p><strong>Disclaimer:<\/strong> Funded by the European Union. Views and opinions expressed are however those of the author(s) only and do not necessarily reflect those of the European Union or the European Education and Culture Executive Agency (EACEA). Neither the European Union nor EACEA can be held responsible for them.<\/p>\n<p>Dieses Projekt no. <span>2021-1-DE01-KA220-HED-000031115<\/span> wurde mit Unterst\u00fctzung der Europ\u00e4ischen Kommission finanziert. Die Verantwortung f\u00fcr den Inhalt dieser Ver\u00f6ffentlichung tr\u00e4gt allein der Verfasser; weder die EU-Kommission noch die NA DAAD (www.eu.daad.de), haftet f\u00fcr die weitere Verwendung der darin enthaltenen Angaben.<\/p>\n<p>The creation of these resources has been (partially) funded by the ERASMUS+ grant program of the European Union under grant no. <span>2021-1-DE01-KA220-HED-000031115<\/span>. Neither the European Commission nor the project&#8217;s national funding agency DAAD (www.eu.daad.de) are responsible for the content or liable for any losses or damage resulting of the use of these resources.<\/p>\n<p><strong>Nutzungshinweis und Urheberrecht:<\/strong><br \/>Soweit nichts anderes vermerkt wurde, stehen die Inhalte (Bilder, Grafiken und Texte) unter\u00a0<a href=\"http:\/\/creativecommons.org\/licenses\/by-sa\/3.0\/de\/\">Creative Commons-Lizenz (CC by-sa)<\/a>.\u00a0Eine Nutzung und Weiterverbreitung ist dementsprechend bei Nennung der Autoren erlaubt.\u00a0Bitte kontaktieren Sie uns\u00a0bei Unklarheiten \u00fcber die Nutzungsrechte einzelner Inhalte.<\/p>\n<p><strong>Internetquellen:<\/strong><\/p>\n<p><a href=\"https:\/\/www.pexels.com\/de-DE\/\">https:\/\/www.pexels.com\/de-DE\/<\/a><\/p>\n<\/div>\n<\/div>\n<\/div>\n<\/div>\n<\/div>\n<\/div>\n<div class=\"wsite-section-wrap\">\n<div class=\"wsite-section wsite-body-section wsite-background-7 wsite-custom-background\">\n<div class=\"wsite-section-content\">\n<div class=\"container\">\n<div class=\"wsite-section-elements\">\n<h2 class=\"wsite-content-title\"><\/h2>\n<div>\n<div><strong><\/strong><\/div>\n<div><strong><\/strong><\/div>\n<div><strong><\/strong><\/div>\n<div><strong>Privacy Policy<\/strong><\/div>\n<hr class=\"styled-hr\" \/>\n<div><\/div>\n<\/div>\n<div class=\"paragraph\">\n<p>digiTED (the \u201cproject\u201d) is committed to protecting the privacy of its users. This Privacy Policy (\u201cPrivacy Policy\u201d) is designed to help you understand what information we gather, how we use it, what we do to protect it, and to assist you in making informed decisions when visiting our website.<\/p>\n<p>For purposes of this Agreement, the terms \u201cwe,\u201d \u201cus,\u201d and \u201cour\u201d refer to the project. \u201cYou\u201d refers to you, as a user.<\/p>\n<p><strong>I. CONSENT<\/strong><br \/>By accessing our website and especially by using the comments function, you accept our Privacy Policy and Terms of Use, and you consent to our collection, storage, use and disclosure of your personal information as described in this Privacy Policy. In addition, you are accepting the policies and practices described in this Privacy Policy. Each time you visit our website and any time you voluntarily provide us with information, you agree that you are consenting to our collection, use and disclosure of the information that you provide, and you are consenting to receive emails or otherwise be contacted, as described in this Privacy Policy. Whether or not you use the comments function, this Privacy Policy applies to all users of the website.<\/p>\n<p><strong>II. INFORMATION WE COLLECT<\/strong><br \/>We may collect both \u201cNon-Personal Information\u201d and \u201cPersonal Information\u201d about you.<\/p>\n<ul>\n<li>\u201cNon-Personal Information\u201d includes information that cannot be used to personally identify you, such as anonymous usage data, general demographic information we may collect, referring\/exit pages and URLs, platform types, preferences you submit and preferences that are generated based on the data you submit and number of clicks.<\/li>\n<li>\u201cPersonal Information\u201d includes information that can be used to personally identify you, such as your name, address and email address. You may provide us with this kind of information by making use of the comments function on our blog sites. There you have to fill in your name and your email address. Your email address will not be published on the website.<\/li>\n<\/ul>\n<p>In addition, we may also track information provided to us by your browser or by our mobile application when you view or use the Service, such as the website you came from (known as the \u201creferring URL\u201d), the type of browser you use, the device from which you connected to the Service, the time and date of access, and other information that does not personally identify you.\u00a0\u00a0We use this information for, among other things, the operation of the Service, to maintain the quality of the Service, to provide general statistics regarding use of the Service and for other business purposes. We track this information using cookies, or small text files which include an anonymous unique identifier.\u00a0Cookies are sent to a user\u2019s browser from our servers and are stored on the user\u2019s computer hard drive. Sending a cookie to a user\u2019s browser enables us to collect Non-Personal Information about that user and keep a record of the user\u2019s preferences when utilizing our services, both on an individual and aggregate basis.\u00a0\u00a0The project may use both persistent and session cookies; persistent cookies remain on your computer after you close your session and until you delete them, while session cookies expire when you close your browser. Persistent cookies can be removed by following your Internet browser help file directions. If you choose to disable cookies, some areas of the website may not work properly.<\/p>\n<p><strong>III. HOW WE USE AND SHARE INFORMATION<\/strong><\/p>\n<p>Personal Information:<br \/>We do not sell, trade, rent or otherwise share your Personal Information with third parties without your consent. However, comments on blog articles appear publicly on our website including the stated name.<br \/>In addition, we may disclose your Personal Information if we are required to do so by law.<\/p>\n<p>Non-Personal Information:<br \/>In general, we use Non-Personal Information to help us improve our website. We also aggregate Non-Personal Information in order to track trends and analyze use patterns. This Privacy Policy does not limit in any way our use or disclosure of Non-Personal Information and we reserve the right to use and disclose such Non-Personal Information to our partners, advertisers and other third parties at our sole discretion.<\/p>\n<p><strong>IV. HOW WE PROTECT INFORMATION<\/strong><br \/>We implement reasonable precautions and follow industry best practices in order to protect your Personal Information and ensure that such Personal Information is not accessed, disclosed, altered or destroyed.\u00a0However, these measures do not guarantee that your information will not be accessed, disclosed, altered or destroyed by breach of such precautions. By making use of the comments function, you acknowledge that you understand and agree to assume these risks.<\/p>\n<p><strong>V. WORDPRESS<\/strong><br \/>Our website is hosted by WordPress, Inc. (\u201cWordpress\u201d). Your information, including Personal Information, may be stored through WordPresses servers. By using the Service, you consent to Weebly\u2019s collection, disclosure, storage, and use of your Personal Information in accordance with their privacy policy available at <a href=\"http:\/\/www.wordpress.org\/about\/privacy\">www.wordpress.org\/about\/privacy<\/a>.<\/p>\n<p><strong>VI. LINKS TO OTHER WEBSITES<\/strong><br \/>We are not responsible for the privacy practices employed by linked websites or the information or content they contain. We encourage our users to read the privacy statements of other websites before proceeding to use them.<\/p>\n<p><strong>VII. SOCIAL MEDIA PLUGINS<\/strong><br \/>Underneath blog entries as well as on the start page, users can find social media buttons. With these buttons users can use the interactive possibilities of social media platforms also on this website. Only after clicking these buttons data will be transferred to these<\/p>\n<ol>\n<li>Twitter<\/li>\n<\/ol>\n<p>This website contains social media buttons of the social network twitter.com, which is carried out by Twitter International Company, One Cumberland Place, Fenian Street, Dublin 2, D02 AX07, Ireland. Purpose and extend of their data collection and further processing of data through Twitter as well as rights and configuration options to protect the privacy of the users, can be taken from Twitter\u2019s privacy statement.<\/p>\n<p><strong>VIII. CHANGES TO OUR PRIVACY POLICY<\/strong><br \/>The Company reserves the right to change this Privacy Policy and our Terms of Use at any time. If we decide to change this Privacy Policy, we will post these changes on this page so that you are always aware of what information we collect, how we use it, and under what circumstances we disclose it. Any such modifications become effective upon your continued access to and\/or use of the Service five (5) days after we first post the changes on the website or otherwise provide you with notice of such modifications. It is your sole responsibility to check this website from time to time to view any such changes to the terms of this Privacy Policy. If you do not agree to any changes, if and when such changes may be made to this Privacy Policy, you must cease access to this website. If you have provided your email address to us, you give us permission to email you for the purpose of notification as described in this Privacy Policy.<\/p>\n<p>\u200b<br \/><strong>IX. CONTACT US &amp; WITHDRAWING CONSENT<\/strong><br \/>If you have any questions regarding this Privacy Policy or the practices of this Site, or wish to withdraw your consent for the continued collection, use or disclosure of your Personal Information, please contact us by sending an email to mareike.oesterle@ph-ludwigsburg.de.<\/p>\n<p><strong><em>Last Updated:<\/em><span>\u00a0<\/span>This Privacy Policy was last updated on August 02, 2022.<\/strong><\/p>\n<\/div>\n<\/div>\n<\/div>\n<\/div>\n<\/div>\n<\/div>\n<p>[\/et_pb_text][\/et_pb_column][\/et_pb_row][\/et_pb_section]<\/p>\n","protected":false},"excerpt":{"rendered":"<p>Impressum digiTED@EU &#8211; \u201ePromoting Digitalisation Among Teacher Educators in Europe&#8221; (Erasmus+ Project, partially funded by the European Union with \u20ac 391.216,00.) Project coordinator:G\u00f6tz SchwabP\u00e4dagogische Hochschule LudwigsburgReuteallee 4671634 Ludwigsburg Tel.:+49 7141 140-1390 Email: goetz.schwab@ph-ludwigsburg.deInternet: www.digitedeu.com Inhaltlich Verantwortlicher gem\u00e4\u00df \u00a7 10 Absatz 3 MDStV:G\u00f6tz SchwabAnschrift wie oben Haftungshinweis: Gef\u00f6rdert durch die Europ\u00e4ische Union. Die ge\u00e4u\u00dferten Ansichten und [&hellip;]<\/p>\n","protected":false},"author":1,"featured_media":0,"parent":0,"menu_order":0,"comment_status":"closed","ping_status":"closed","template":"","meta":{"_et_pb_use_builder":"on","_et_pb_old_content":"","_et_gb_content_width":"","footnotes":""},"class_list":["post-519","page","type-page","status-publish","hentry"],"_links":{"self":[{"href":"https:\/\/digitedeu.com\/index.php\/wp-json\/wp\/v2\/pages\/519","targetHints":{"allow":["GET"]}}],"collection":[{"href":"https:\/\/digitedeu.com\/index.php\/wp-json\/wp\/v2\/pages"}],"about":[{"href":"https:\/\/digitedeu.com\/index.php\/wp-json\/wp\/v2\/types\/page"}],"author":[{"embeddable":true,"href":"https:\/\/digitedeu.com\/index.php\/wp-json\/wp\/v2\/users\/1"}],"replies":[{"embeddable":true,"href":"https:\/\/digitedeu.com\/index.php\/wp-json\/wp\/v2\/comments?post=519"}],"version-history":[{"count":4,"href":"https:\/\/digitedeu.com\/index.php\/wp-json\/wp\/v2\/pages\/519\/revisions"}],"predecessor-version":[{"id":2800,"href":"https:\/\/digitedeu.com\/index.php\/wp-json\/wp\/v2\/pages\/519\/revisions\/2800"}],"wp:attachment":[{"href":"https:\/\/digitedeu.com\/index.php\/wp-json\/wp\/v2\/media?parent=519"}],"curies":[{"name":"wp","href":"https:\/\/api.w.org\/{rel}","templated":true}]}}

<p>[et_pb_section fb_built=&#8221;1&#8243; admin_label=&#8221;Header&#8221; _builder_version=&#8221;4.17.3&#8243; _module_preset=&#8221;default&#8221; use_background_color_gradient=&#8221;on&#8221; background_color_gradient_stops=&#8221;rgba(0,19,46,0.6) 0%|rgba(0,19,46,0.6) 100%&#8221; background_color_gradient_overlays_image=&#8221;on&#8221; background_color_gradient_start=&#8221;rgba(0,19,46,0.6)&#8221; background_color_gradient_end=&#8221;rgba(0,19,46,0.6)&#8221; background_image=&#8221;https://digitedeu.com/wp-content/uploads/2022/08/pexels-lex-photography-1109543-scaled.jpg&#8221; custom_padding=&#8221;||||false|false&#8221; locked=&#8221;off&#8221; global_colors_info=&#8221;{}&#8221;][et_pb_row _builder_version=&#8221;4.16&#8243; _module_preset=&#8221;default&#8221; global_colors_info=&#8221;{}&#8221;][et_pb_column type=&#8221;4_4&#8243; _builder_version=&#8221;4.16&#8243; _module_preset=&#8221;default&#8221; global_colors_info=&#8221;{}&#8221;][et_pb_text _builder_version=&#8221;4.17.3&#8243; _module_preset=&#8221;default&#8221; header_font=&#8221;Oswald|300|||||||&#8221; header_font_size=&#8221;100px&#8221; background_layout=&#8221;dark&#8221; max_width=&#8221;760px&#8221; custom_margin=&#8221;||||false|false&#8221; header_font_size_tablet=&#8221;70px&#8221; header_font_size_phone=&#8221;60px&#8221; header_font_size_last_edited=&#8221;on|phone&#8221; global_colors_info=&#8221;{}&#8221;]</p>
<h1>Impressum</h1>
<p>[/et_pb_text][/et_pb_column][/et_pb_row][/et_pb_section][et_pb_section fb_built=&#8221;1&#8243; admin_label=&#8221;Contact Info&#8221; _builder_version=&#8221;4.16&#8243; _module_preset=&#8221;default&#8221; global_colors_info=&#8221;{}&#8221;][et_pb_row _builder_version=&#8221;4.17.3&#8243; _module_preset=&#8221;default&#8221; global_colors_info=&#8221;{}&#8221;][et_pb_column type=&#8221;4_4&#8243; _builder_version=&#8221;4.17.3&#8243; _module_preset=&#8221;default&#8221; global_colors_info=&#8221;{}&#8221;][et_pb_text _builder_version=&#8221;4.27.4&#8243; _module_preset=&#8221;default&#8221; text_font=&#8221;Roboto Condensed||||||||&#8221; text_text_color=&#8221;#000000&#8243; text_font_size=&#8221;16px&#8221; text_line_height=&#8221;1.6em&#8221; hover_enabled=&#8221;0&#8243; global_colors_info=&#8221;{}&#8221; sticky_enabled=&#8221;0&#8243;]</p>
<div class="wsite-section-wrap">
<div class="wsite-section wsite-body-section wsite-background-32 wsite-custom-background">
<div class="wsite-section-content">
<div class="container">
<div class="wsite-section-elements">
<div class="paragraph">
<p><strong>digiTED@EU &#8211; </strong><strong>„Promoti</strong><strong>ng Digitalisation Among Teacher Educators in Europe&#8221;</strong><strong> </strong></p>
<p><strong>(Erasmus+ Project, partially funded by the European Union with <span>€ 391.216,00.</span>)</strong></p>
<p><span style="color: #2a2a2a;">Project coordinator:<br />Götz Schwab<br />Pädagogische Hochschule Ludwigsburg<br />Reuteallee 46<br />71634 Ludwigsburg</span></p>
<p>Tel.:<span>+49 7141 140-1390</span></p>
<p>Email: goetz.schwab@ph-ludwigsburg.de<br />Internet: www.digitedeu.com</p>
<p>Inhaltlich Verantwortlicher gemäß § 10 Absatz 3 MDStV:<br />Götz Schwab<br />Anschrift wie oben</p>
<p><strong>Haftungshinweis: </strong>Gefördert durch die Europäische Union. Die geäußerten Ansichten und Meinungen stammen jedoch ausschließlich von den Autor(en) und spiegeln nicht notwendigerweise die der Europäischen Union oder der Exekutivagentur Bildung und Kultur (EACEA) wider. Weder die Europäische Union noch die EACEA können für diese verantwortlich gemacht werden.</p>
<p><strong>Disclaimer:</strong> Funded by the European Union. Views and opinions expressed are however those of the author(s) only and do not necessarily reflect those of the European Union or the European Education and Culture Executive Agency (EACEA). Neither the European Union nor EACEA can be held responsible for them.</p>
<p>Dieses Projekt no. <span>2021-1-DE01-KA220-HED-000031115</span> wurde mit Unterstützung der Europäischen Kommission finanziert. Die Verantwortung für den Inhalt dieser Veröffentlichung trägt allein der Verfasser; weder die EU-Kommission noch die NA DAAD (www.eu.daad.de), haftet für die weitere Verwendung der darin enthaltenen Angaben.</p>
<p>The creation of these resources has been (partially) funded by the ERASMUS+ grant program of the European Union under grant no. <span>2021-1-DE01-KA220-HED-000031115</span>. Neither the European Commission nor the project&#8217;s national funding agency DAAD (www.eu.daad.de) are responsible for the content or liable for any losses or damage resulting of the use of these resources.</p>
<p><strong>Nutzungshinweis und Urheberrecht:</strong><br />Soweit nichts anderes vermerkt wurde, stehen die Inhalte (Bilder, Grafiken und Texte) unter <a href="http://creativecommons.org/licenses/by-sa/3.0/de/">Creative Commons-Lizenz (CC by-sa)</a>. Eine Nutzung und Weiterverbreitung ist dementsprechend bei Nennung der Autoren erlaubt. Bitte kontaktieren Sie uns bei Unklarheiten über die Nutzungsrechte einzelner Inhalte.</p>
<p><strong>Internetquellen:</strong></p>
<p><a href="https://www.pexels.com/de-DE/">https://www.pexels.com/de-DE/</a></p>
</div>
</div>
</div>
</div>
</div>
</div>
<div class="wsite-section-wrap">
<div class="wsite-section wsite-body-section wsite-background-7 wsite-custom-background">
<div class="wsite-section-content">
<div class="container">
<div class="wsite-section-elements">
<h2 class="wsite-content-title"></h2>
<div>
<div><strong></strong></div>
<div><strong></strong></div>
<div><strong></strong></div>
<div><strong>Privacy Policy</strong></div>
<hr class="styled-hr" />
<div></div>
</div>
<div class="paragraph">
<p>digiTED (the “project”) is committed to protecting the privacy of its users. This Privacy Policy (“Privacy Policy”) is designed to help you understand what information we gather, how we use it, what we do to protect it, and to assist you in making informed decisions when visiting our website.</p>
<p>For purposes of this Agreement, the terms “we,” “us,” and “our” refer to the project. “You” refers to you, as a user.</p>
<p><strong>I. CONSENT</strong><br />By accessing our website and especially by using the comments function, you accept our Privacy Policy and Terms of Use, and you consent to our collection, storage, use and disclosure of your personal information as described in this Privacy Policy. In addition, you are accepting the policies and practices described in this Privacy Policy. Each time you visit our website and any time you voluntarily provide us with information, you agree that you are consenting to our collection, use and disclosure of the information that you provide, and you are consenting to receive emails or otherwise be contacted, as described in this Privacy Policy. Whether or not you use the comments function, this Privacy Policy applies to all users of the website.</p>
<p><strong>II. INFORMATION WE COLLECT</strong><br />We may collect both “Non-Personal Information” and “Personal Information” about you.</p>
<ul>
<li>“Non-Personal Information” includes information that cannot be used to personally identify you, such as anonymous usage data, general demographic information we may collect, referring/exit pages and URLs, platform types, preferences you submit and preferences that are generated based on the data you submit and number of clicks.</li>
<li>“Personal Information” includes information that can be used to personally identify you, such as your name, address and email address. You may provide us with this kind of information by making use of the comments function on our blog sites. There you have to fill in your name and your email address. Your email address will not be published on the website.</li>
</ul>
<p>In addition, we may also track information provided to us by your browser or by our mobile application when you view or use the Service, such as the website you came from (known as the “referring URL”), the type of browser you use, the device from which you connected to the Service, the time and date of access, and other information that does not personally identify you.  We use this information for, among other things, the operation of the Service, to maintain the quality of the Service, to provide general statistics regarding use of the Service and for other business purposes. We track this information using cookies, or small text files which include an anonymous unique identifier. Cookies are sent to a user’s browser from our servers and are stored on the user’s computer hard drive. Sending a cookie to a user’s browser enables us to collect Non-Personal Information about that user and keep a record of the user’s preferences when utilizing our services, both on an individual and aggregate basis.  The project may use both persistent and session cookies; persistent cookies remain on your computer after you close your session and until you delete them, while session cookies expire when you close your browser. Persistent cookies can be removed by following your Internet browser help file directions. If you choose to disable cookies, some areas of the website may not work properly.</p>
<p><strong>III. HOW WE USE AND SHARE INFORMATION</strong></p>
<p>Personal Information:<br />We do not sell, trade, rent or otherwise share your Personal Information with third parties without your consent. However, comments on blog articles appear publicly on our website including the stated name.<br />In addition, we may disclose your Personal Information if we are required to do so by law.</p>
<p>Non-Personal Information:<br />In general, we use Non-Personal Information to help us improve our website. We also aggregate Non-Personal Information in order to track trends and analyze use patterns. This Privacy Policy does not limit in any way our use or disclosure of Non-Personal Information and we reserve the right to use and disclose such Non-Personal Information to our partners, advertisers and other third parties at our sole discretion.</p>
<p><strong>IV. HOW WE PROTECT INFORMATION</strong><br />We implement reasonable precautions and follow industry best practices in order to protect your Personal Information and ensure that such Personal Information is not accessed, disclosed, altered or destroyed. However, these measures do not guarantee that your information will not be accessed, disclosed, altered or destroyed by breach of such precautions. By making use of the comments function, you acknowledge that you understand and agree to assume these risks.</p>
<p><strong>V. WORDPRESS</strong><br />Our website is hosted by WordPress, Inc. (“Wordpress”). Your information, including Personal Information, may be stored through WordPresses servers. By using the Service, you consent to Weebly’s collection, disclosure, storage, and use of your Personal Information in accordance with their privacy policy available at <a href="http://www.wordpress.org/about/privacy">www.wordpress.org/about/privacy</a>.</p>
<p><strong>VI. LINKS TO OTHER WEBSITES</strong><br />We are not responsible for the privacy practices employed by linked websites or the information or content they contain. We encourage our users to read the privacy statements of other websites before proceeding to use them.</p>
<p><strong>VII. SOCIAL MEDIA PLUGINS</strong><br />Underneath blog entries as well as on the start page, users can find social media buttons. With these buttons users can use the interactive possibilities of social media platforms also on this website. Only after clicking these buttons data will be transferred to these</p>
<ol>
<li>Twitter</li>
</ol>
<p>This website contains social media buttons of the social network twitter.com, which is carried out by Twitter International Company, One Cumberland Place, Fenian Street, Dublin 2, D02 AX07, Ireland. Purpose and extend of their data collection and further processing of data through Twitter as well as rights and configuration options to protect the privacy of the users, can be taken from Twitter’s privacy statement.</p>
<p><strong>VIII. CHANGES TO OUR PRIVACY POLICY</strong><br />The Company reserves the right to change this Privacy Policy and our Terms of Use at any time. If we decide to change this Privacy Policy, we will post these changes on this page so that you are always aware of what information we collect, how we use it, and under what circumstances we disclose it. Any such modifications become effective upon your continued access to and/or use of the Service five (5) days after we first post the changes on the website or otherwise provide you with notice of such modifications. It is your sole responsibility to check this website from time to time to view any such changes to the terms of this Privacy Policy. If you do not agree to any changes, if and when such changes may be made to this Privacy Policy, you must cease access to this website. If you have provided your email address to us, you give us permission to email you for the purpose of notification as described in this Privacy Policy.</p>
<p>​<br /><strong>IX. CONTACT US &amp; WITHDRAWING CONSENT</strong><br />If you have any questions regarding this Privacy Policy or the practices of this Site, or wish to withdraw your consent for the continued collection, use or disclosure of your Personal Information, please contact us by sending an email to mareike.oesterle@ph-ludwigsburg.de.</p>
<p><strong><em>Last Updated:</em><span> </span>This Privacy Policy was last updated on August 02, 2022.</strong></p>
</div>
</div>
</div>
</div>
</div>
</div>
<p>[/et_pb_text][/et_pb_column][/et_pb_row][/et_pb_section]</p>

<p>Impressum digiTED@EU &#8211; „Promoting Digitalisation Among Teacher Educators in Europe&#8221; (Erasmus+ Project, partially funded by the European Union with € 391.216,00.) Project coordinator:Götz SchwabPädagogische Hochschule LudwigsburgReuteallee 4671634 Ludwigsburg Tel.:+49 7141 140-1390 Email: goetz.schwab@ph-ludwigsburg.deInternet: www.digitedeu.com Inhaltlich Verantwortlicher gemäß § 10 Absatz 3 MDStV:Götz SchwabAnschrift wie oben Haftungshinweis: Gefördert durch die Europäische Union. Die geäußerten Ansichten und [&hellip;]</p>
